{"id":513,"date":"2022-01-27T14:24:21","date_gmt":"2022-01-27T12:24:21","guid":{"rendered":"https:\/\/hopea-puro.com\/b2b\/?page_id=513"},"modified":"2022-01-27T14:24:23","modified_gmt":"2022-01-27T12:24:23","slug":"tietosuojaseloste","status":"publish","type":"page","link":"https:\/\/hopea-puro.com\/b2b\/tietosuojaseloste\/","title":{"rendered":"Tietosuojaseloste"},"content":{"rendered":"\n<h2 class=\"wp-block-heading\" id=\"1-rekisterinpitaja\">1.Rekisterinpit\u00e4j\u00e4<\/h2>\n\n\n\n<p>Hopea-Puro Oy, y-tunnus: 2860218-5. Fransuntie 9, 62200 KAUHAVA<\/p>\n\n\n\n<h2 class=\"wp-block-heading\" id=\"2-rekisterista-vastaava-yhteyshenkilo\">2.Rekisterist\u00e4 vastaava yhteyshenkil\u00f6<\/h2>\n\n\n\n<p>Annika Puro-Aho, annika@hopea-puro.com, +358453598877<\/p>\n\n\n\n<h2 class=\"wp-block-heading\" id=\"3-rekisterin-nimi\">3.Rekisterin nimi<\/h2>\n\n\n\n<p>Tietosuojaseloste sidosryhmille ja asiakkaille<\/p>\n\n\n\n<h2 class=\"wp-block-heading\" id=\"4-oikeusperuste-ja-henkilotietojen-kasittelyn-tarkoitus\">4.Oikeusperuste ja henkil\u00f6tietojen k\u00e4sittelyn tarkoitus<\/h2>\n\n\n\n<p>EU:n yleisen tietosuoja-asetuksen mukainen oikeusperuste henkil\u00f6tietojen k\u00e4sittelylle on rekisterinpit\u00e4j\u00e4n oikeutettu etu (esim. asiakassuhde) tai sopimus.<\/p>\n\n\n\n<p>Oikeusperuste voi olla my\u00f6s henkil\u00f6n erikseen antama suostumus tietojen k\u00e4sittelylle.<\/p>\n\n\n\n<p>Henkil\u00f6tietojen k\u00e4sittelyn p\u00e4\u00e4asiallinen tarkoitus on asiakas- tai liikesuhteen yll\u00e4pito ja sujuvan asiakaspalvelun varmistaminen. Henkil\u00f6tietoja voidaan k\u00e4ytt\u00e4\u00e4 my\u00f6s yhteydenpitoon s\u00e4hk\u00f6postitse, postitse tai puhelimitse rekisterinpit\u00e4j\u00e4n tarjoamien palveluiden tarjoamiseksi, sek\u00e4 mainonnan kohdentamiseksi digitaalisissa kanavissa (Esim. Facebook), sek\u00e4 verkkosivun <a href=\"http:\/\/www.hopea-puro.com\">www.hopea-puro.com<\/a> k\u00e4ytt\u00e4j\u00e4kokemuksen parantamiseksi.<\/p>\n\n\n\n<p>Eri tietol\u00e4hteist\u00e4 ker\u00e4ttyj\u00e4 tietoja voidaan yhdistell\u00e4 ja k\u00e4ytt\u00e4\u00e4 profilointiin mainonnan kohdentamiseksi. P\u00e4\u00e4t\u00f6ksenteko ei kuitenkaan ole automaattista.<\/p>\n\n\n\n<h2 class=\"wp-block-heading\" id=\"5-rekisterin-tietosisalto\">5.Rekisterin tietosis\u00e4lt\u00f6<\/h2>\n\n\n\n<p><strong>Asiakas- tai liikesuhteen yll\u00e4pidossa k\u00e4sitelt\u00e4vi\u00e4 tietoja ovat:<\/strong><\/p>\n\n\n\n<ol class=\"wp-block-list\"><li>Henkil\u00f6n nimi, henkil\u00f6n puhelinnumero, henkil\u00f6n osoite<\/li><li>Henkil\u00f6n edustaman yrityksen tiedot (puhelinnumero, s\u00e4hk\u00f6postiosoite, osoite, y-tunnus, www-sivun osoite)<\/li><li>Tiedot henkil\u00f6n tilaamista palveluista ja niiden muutoksista ja laskuttamisesta<\/li><\/ol>\n\n\n\n<p>N\u00e4it\u00e4 tietoja voidaan k\u00e4ytt\u00e4\u00e4 mm. yhteydenpitoon puhelimitse ja s\u00e4hk\u00f6postitse rekisterinpit\u00e4j\u00e4n palvelujen tarjoamiseksi ja profilointiin.<\/p>\n\n\n\n<p><strong>Verkkosivun <\/strong><a href=\"http:\/\/www.hopea-puro.com\"><strong>www.hopea-puro.com<\/strong><\/a><strong> k\u00e4ytt\u00e4j\u00e4kokemuksen parantamiseksi k\u00e4sitelt\u00e4vi\u00e4 tietoja ovat:<\/strong><\/p>\n\n\n\n<ol class=\"wp-block-list\"><li>Muut asiakassuhteeseen ja tilattuihin palveluihin liittyv\u00e4t tiedot; esimerkiksi tiedot verkkosivun <a href=\"http:\/\/www.hopea-puro.com\">www.hopea-puro.com<\/a> k\u00e4yt\u00f6st\u00e4 kuten \u00e4skett\u00e4in katsotut tuotteet, ostoskoriin lis\u00e4tyt tuotteet, sivuilla vietetty aika ja henkil\u00f6n ip-osoite<\/li><\/ol>\n\n\n\n<p>N\u00e4it\u00e4 tietoja ker\u00e4t\u00e4\u00e4n ev\u00e4steiden avulla ja niit\u00e4 voidaan yhdist\u00e4\u00e4 muihin k\u00e4sitelt\u00e4viin tietoihin ja k\u00e4ytt\u00e4\u00e4 mm.digitaalisissa kanavissa teht\u00e4v\u00e4n mainonnan kohdentamiseksi ja profilointiin.<\/p>\n\n\n\n<p><strong>Asiakkaan antamalla suostumuksella k\u00e4sitelt\u00e4vi\u00e4 tietoja ovat:<\/strong><\/p>\n\n\n\n<ol class=\"wp-block-list\"><li>Henkil\u00f6tunnus<\/li><li>Henkil\u00f6n luottotiedot<\/li><\/ol>\n\n\n\n<p>N\u00e4it\u00e4 tietoja voidaan k\u00e4ytt\u00e4\u00e4 rekisterinpit\u00e4j\u00e4n tarjoamien palveluiden rajoittamiseksi ja profilointiin.<\/p>\n\n\n\n<p>Asiakassuhteen yll\u00e4pidossa tarvittavien tietojen s\u00e4ilytysaika on asiakassuhteen voimassaoloaika +24kk sen p\u00e4\u00e4ttymisest\u00e4. Asiakassuhteen katsotaan p\u00e4\u00e4ttyneen kun rekister\u00f6ity ei ole k\u00e4ytt\u00e4nyt rekisterinpit\u00e4j\u00e4n palveluita 12 kuukauteen eik\u00e4 rekisterinpit\u00e4j\u00e4ll\u00e4 ole avoimia myyntisaatavia rekister\u00f6idylt\u00e4.&nbsp;<\/p>\n\n\n\n<p>Liikesuhteen hallinnassa tarvittavia tietoja s\u00e4ilytet\u00e4\u00e4n sopimussuhteen kannalta tarvittavan ajan.<\/p>\n\n\n\n<p>S\u00e4ilytysajan j\u00e4lkeen tiedot poistetaan tai anonymisoidaan niin ettei niit\u00e4 voida yhdist\u00e4\u00e4 henkil\u00f6\u00f6n, poislukien yrityksen kirjanpitoa varten s\u00e4ilytett\u00e4v\u00e4t, mahdollisesti henkil\u00f6tietoja sis\u00e4lt\u00e4v\u00e4t, manuaaliset tositteet (kuitit, laskukopiot ym), joiden s\u00e4ilytysaika on Kirjanpitolain (30.12.1997\/1336) mukainen s\u00e4ilytysaika.<\/p>\n\n\n\n<p>S\u00e4ilytysajan j\u00e4lkeen manuaaliset tiedot tuhotaan riitt\u00e4vin teknisin menetelmin (esim. paperisilppurilla).<\/p>\n\n\n\n<h2 class=\"wp-block-heading\" id=\"6-saannonmukaiset-tietolahteet\">6.S\u00e4\u00e4nn\u00f6nmukaiset tietol\u00e4hteet<\/h2>\n\n\n\n<p>Rekisteriin tallennettavat tiedot saadaan:<\/p>\n\n\n\n<p>Asiakkaalta mm. www-lomakkeilla l\u00e4hetetyist\u00e4 viesteist\u00e4, s\u00e4hk\u00f6postitse, puhelimitse, sosiaalisen median palvelujen kautta, sopimuksista, asiakastapaamisista ja muista tilanteista, joissa asiakas luovuttaa tietojaan.<\/p>\n\n\n\n<p>Rekister\u00f6idyn julkiseksi asettamista l\u00e4hteist\u00e4 kuten internet sivut ja sosiaalisen median kanavat.<\/p>\n\n\n\n<p>K\u00e4ytt\u00e4j\u00e4n selaimeen asennettavien ev\u00e4steiden avulla.<\/p>\n\n\n\n<h2 class=\"wp-block-heading\" id=\"7-lisatietoa-evasteista\">7.Lis\u00e4tietoa ev\u00e4steist\u00e4<\/h2>\n\n\n\n<p>Sivustomme k\u00e4ytt\u00e4\u00e4 ev\u00e4steit\u00e4 k\u00e4vij\u00e4m\u00e4\u00e4rien, sivujen k\u00e4yt\u00f6n ja sivustoa k\u00e4ytt\u00e4vien yksil\u00f6ityjen selainten analysoimiseen. Lis\u00e4ksi ker\u00e4\u00e4mme tietoa siit\u00e4 miten vierailijat k\u00e4ytt\u00e4v\u00e4t sivua.<\/p>\n\n\n\n<p>Ker\u00e4ttyj\u00e4 tietoja voidaan k\u00e4ytt\u00e4\u00e4 sivuston sis\u00e4ll\u00f6n optimoimiseen k\u00e4vij\u00f6iden kiinnostusta vastaavaksi, tietojen l\u00f6yt\u00e4misen helpottamiseksi, k\u00e4ytt\u00e4j\u00e4kokemuksen parantamiseksi sek\u00e4 hakukoneoptimointiin.<\/p>\n\n\n\n<p>Lis\u00e4ksi tietoja voidaan k\u00e4ytt\u00e4\u00e4 yrityksen markkinoinnissa (mukaan lukien kohdistettu mainonta) ja jakaa analytiikka-alan ja mainosalan kumppaniemme kanssa.<\/p>\n\n\n\n<p>Voimme k\u00e4ytt\u00e4\u00e4 k\u00e4ytt\u00e4j\u00e4n itset\u00e4\u00e4n luovuttamia tietoja (esim.s\u00e4hk\u00f6posti-osoite) my\u00f6s yksitt\u00e4isen k\u00e4ytt\u00e4j\u00e4n tunnistamiseen ja yhdist\u00e4\u00e4 tietoja sivun k\u00e4yt\u00f6st\u00e4 ker\u00e4ttyihin tietoihin, mik\u00e4li k\u00e4ytt\u00e4j\u00e4 on sen hyv\u00e4ksynyt selaimessaan.<\/p>\n\n\n\n<p><strong>Google- ja Facebook -ev\u00e4steet:<\/strong><\/p>\n\n\n\n<p>K\u00e4ytt\u00e4m\u00e4ll\u00e4 sivustoamme Google ja Facebook saavat automaattisesti muun muassa IP-osoitteesi ja tiedon ett\u00e4 olet k\u00e4ytt\u00e4nyt sivua, ja voi omien k\u00e4yt\u00e4nt\u00f6jens\u00e4 mukaisesti yhdist\u00e4\u00e4 n\u00e4it\u00e4 tietoja muista kumppanisovelluksistaan saamiensa tietojen kanssa ja jakaa edelleen omien kumppaneidensa (mukaanlukien t\u00e4m\u00e4 sivusto) kanssa.&nbsp;<\/p>\n\n\n\n<p>Sivustomme k\u00e4ytt\u00e4\u00e4 my\u00f6s googlen mainos-ev\u00e4steit\u00e4 Google Analyticsin kohderyhm\u00e4tietojen ja kiinnostusten kohteiden raportointiin. Lis\u00e4tietoja googlen ev\u00e4stetyypeist\u00e4 on osoitteessa: <a href=\"https:\/\/www.google.com\/policies\/technologies\/types\/\">https:\/\/www.google.com\/policies\/technologies\/types\/<\/a><\/p>\n\n\n\n<p>R\u00e4\u00e4t\u00e4l\u00f6idyst\u00e4 mainonnasta voit lukea lis\u00e4\u00e4 osoitteessa: <a href=\"https:\/\/support.google.com\/adwordspolicy\/answer\/143465#sensitive\">https:\/\/support.google.com\/adwordspolicy\/answer\/143465#sensitive<\/a><\/p>\n\n\n\n<h2 class=\"wp-block-heading\" id=\"8-tietojen-saannonmukaiset-luovutukset-ja-tietojen-siirto-eu-n-tai-eta-n-ulkopuolelle\">8.Tietojen s\u00e4\u00e4nn\u00f6nmukaiset luovutukset ja tietojen siirto EU:n tai ETA:n ulkopuolelle<\/h2>\n\n\n\n<p>Rekister\u00f6ityyn liitettyj\u00e4 tietoja voidaan luovuttaa kolmansille osapuolille seuraavissa tapauksissa:<\/p>\n\n\n\n<ul class=\"wp-block-list\"><li>toimivaltaisen viranomaisen pyynn\u00f6n tai oikeusk\u00e4sittelyn johdosta<\/li><li>rekisterinpit\u00e4j\u00e4n palveluntarjoajille ja sopimuskumppaneille<ul><li><strong>Dropbox, Inc<\/strong> voi k\u00e4sitell\u00e4 pilvipalvelussaan tallennettuja tietoja <a href=\"https:\/\/www.dropbox.com\/privacy\">oman tietosuojaselosteensa<\/a> mukaisesti. T\u00e4llaisia tietoja ovat mm. tallennettujen asiakirjojen sis\u00e4lt\u00f6 ja rekisterinpit\u00e4j\u00e4n tallentamat kontaktitiedot. Dropbox, Inc voi jakaa tietoja omille yhteisty\u00f6kumppaneilleen ja rekisterinpit\u00e4j\u00e4n sallimille muille pilvipalvelun k\u00e4ytt\u00e4jille, mutta ei myyd\u00e4 tietoja. Tietoja voidaan n\u00e4iss\u00e4 tapauksissa luovuttaa my\u00f6s EU:n ulkopuolelle.<\/li><li><strong>Rasofi Oy<\/strong> voi k\u00e4sitell\u00e4 tietoja teknisen yll\u00e4pidon yhteydess\u00e4 rekisterinpit\u00e4j\u00e4n valvonnassa (esim. verkkokaupan yll\u00e4pito), sek\u00e4 palvelun tuottamiseksi (esim. yhteydenpito puhelimitse ja s\u00e4hk\u00f6postilla). K\u00e4sitelt\u00e4vi\u00e4 tietoja voivat olla kaikki ker\u00e4tyt henkil\u00f6tiedot ja tiedot <a href=\"http:\/\/www.hopea-puro.com\">www.hopea-puro.com<\/a> verkkosivun k\u00e4yt\u00f6st\u00e4 (esim. Tilaukset).<\/li><li><strong>Hubspot Inc. <\/strong>k\u00e4sittelee tietoja rekisterinpit\u00e4j\u00e4n kanssa solmitun <a href=\"https:\/\/legal.hubspot.com\/dpa\">sopimuksen<\/a> mukaisesti.K\u00e4sitelt\u00e4vi\u00e4 tietoja voivat olla henkil\u00f6n nimi, osoite, puhelinnumero, s\u00e4hk\u00f6postiosoite, henkil\u00f6n edustaman yrityksen tiedot ja tiedot verkkosivun <a href=\"http:\/\/www.hopea-puro.com\">www.hopea-puro.com<\/a> k\u00e4yt\u00f6st\u00e4. Lis\u00e4ksi k\u00e4ytt\u00e4j\u00e4n luovuttamia tietoja voivat olla mm. verkkosivun <a href=\"http:\/\/www.hopea-puro.com\">www.hopea-puro.com<\/a> lomakkeilta ker\u00e4tyt tiedot, sek\u00e4 s\u00e4hk\u00f6postitse ja puhelimitse saadut tiedot, kuten henkil\u00f6tunnus.<\/li><li><strong>Oy Matkahuolto Ab<\/strong> voi k\u00e4sitell\u00e4 rekisterinpit\u00e4j\u00e4n luovuttamia tietoja oman <a href=\"https:\/\/www.matkahuolto.fi\/tietosuojaseloste-pakettipalvelut-ja-viranomaisten-lupa-asiakirjat\">tietosuojaselosteensa<\/a> mukaisesti. Rekisterinpit\u00e4j\u00e4n luovuttamia tietoja voivat olla esimerkiksi; henkil\u00f6n nimi, osoite, puhelin ja s\u00e4hk\u00f6posti-osoite.<\/li><li><strong>Facebook Ireland Ltd.<\/strong> voi k\u00e4sitell\u00e4 tietoja verkkosivun www.hopea-puro.com k\u00e4yt\u00f6st\u00e4, kuten katsotuista tuotteista ja vierailluista sivuista. Tietoja voidaan k\u00e4ytt\u00e4\u00e4 mainonnan kohdentamiseen Facebook Ireland Ltd. hallinnoimissa kanavissa. Lis\u00e4tietoja Facebook Ireland Ltd. tietosuojaselosteessa. Tietoja voidaan n\u00e4iss\u00e4 tapauksissa luovuttaa my\u00f6s EU:n ulkopuolelle.<\/li><li><strong>Google Ireland Ltd.<\/strong> voi k\u00e4sitell\u00e4 tietoja verkkosivun www.hopea-puro.com k\u00e4yt\u00f6st\u00e4 ja k\u00e4sitell\u00e4 niit\u00e4 oman tietosuojaselosteensa mukaisesti: Luovutettavia tietoja ovat mm: henkil\u00f6n ip-osoite ja tiedot sivujen k\u00e4yt\u00f6st\u00e4. Tietoja voidaan n\u00e4iss\u00e4 tapauksissa luovuttaa my\u00f6s EU:n ulkopuolelle.<\/li><li><strong>The Rocket Science Group, LLC. <\/strong>&nbsp;voi k\u00e4sitell\u00e4 rekisterinpit\u00e4j\u00e4n luovuttamia tietoja oman <a href=\"https:\/\/mailchimp.com\/legal\/privacy\/\">tietosuojaselosteensa<\/a> mukaisesti. T\u00e4llaisia tietoja voivat olla mm. tiedot verkkosivun <a href=\"http:\/\/www.hopea-puro.com\">www.hopea-puro.com<\/a> k\u00e4yt\u00f6st\u00e4. Henkil\u00f6n luovuttamia tietoja voivat olla mm. henkil\u00f6n nimi, henkil\u00f6n s\u00e4hk\u00f6postiosoite, henkil\u00f6tunnus, henkil\u00f6n puhelinnumero.<\/li><li><strong>Checkout Finland Oy<\/strong> k\u00e4sittelee verkkosivulla <a href=\"http:\/\/www.hopea-puro.com\">www.hopea-puro.com<\/a> tehtyjen tilausten maksutietoja. Rekisterinpit\u00e4j\u00e4 ei s\u00e4ilyt\u00e4 maksutietoja vaan ne k\u00e4sitell\u00e4\u00e4n ainoastaan maksupalveluntarjoajan toimesta. Tutustu maksupalveluntarjoajan <a href=\"https:\/\/checkout.fi\/wp-content\/uploads\/Checkoutin-asiakasrekisterin-tietosuojaseloste.pdf\">tietosuojaselosteeseen.<\/a><\/li><\/ul><\/li><\/ul>\n\n\n\n<h2 class=\"wp-block-heading\" id=\"9-rekisterin-suojauksen-periaatteet\">9.Rekisterin suojauksen periaatteet<\/h2>\n\n\n\n<p>K\u00e4sitelt\u00e4v\u00e4t tiedot on suojattu salasanalla ja tietoja p\u00e4\u00e4see tarkastelemaan ja muokkaamaan rekisterinpit\u00e4j\u00e4n henkil\u00f6kunta ja rekisterinpit\u00e4j\u00e4n yhteisty\u00f6kumppanit rekisterinpit\u00e4j\u00e4n valvonnassa, silt\u00e4 osin kun se on v\u00e4ltt\u00e4m\u00e4t\u00f6nt\u00e4 palvelun toteuttamiseksi.<\/p>\n\n\n\n<p>Rekisterinpit\u00e4j\u00e4n omat tietotoj\u00e4rjestelm\u00e4t on suojattu palomuurilla ja muilla teknisill\u00e4 toteutuksilla sis\u00e4verkon ulkopuolisia uhkia vastaan.<\/p>\n\n\n\n<h2 class=\"wp-block-heading\" id=\"10-tarkastusoikeus-ja-oikeus-vaatia-tiedon-korjaamista\">10.Tarkastusoikeus ja oikeus vaatia tiedon korjaamista<\/h2>\n\n\n\n<p>Jokaisella rekisteriss\u00e4 olevalla henkil\u00f6ll\u00e4 on oikeus tarkistaa rekisteriin tallennetut tietonsa ja vaatia mahdollisen virheellisen tiedon korjaamista tai puutteellisen tiedon t\u00e4ydent\u00e4mist\u00e4. Mik\u00e4li henkil\u00f6 haluaa tarkistaa h\u00e4nest\u00e4 tallennetut tiedot tai vaatia niihin oikaisua, pyynt\u00f6 tulee l\u00e4hett\u00e4\u00e4 rekisterinpit\u00e4j\u00e4lle kirjallisesti osoitteeseen: Fransuntie 9, 62200 KAUHAVA. Rekisterinpit\u00e4j\u00e4 voi pyyt\u00e4\u00e4 tarvittaessa pyynn\u00f6n esitt\u00e4j\u00e4\u00e4 todistamaan henkil\u00f6llisyytens\u00e4. Rekisterinpit\u00e4j\u00e4 vastaa asiakkaalle EU:n tietosuoja-asetuksessa s\u00e4\u00e4detyss\u00e4 ajassa (p\u00e4\u00e4s\u00e4\u00e4nt\u00f6isesti kuukauden kuluessa).<\/p>\n\n\n\n<p>Verkkosivulle <a href=\"http:\/\/www.hopea-puro.com\">www.hopea-puro.com<\/a> tallennetut tiedot voi tarkistaa ja korjata kirjautumalla verkkokauppaan.<\/p>\n\n\n\n<h2 class=\"wp-block-heading\" id=\"11-muut-henkilotietojen-kasittelyyn-liittyvat-oikeudet\">11. Muut henkil\u00f6tietojen k\u00e4sittelyyn liittyv\u00e4t oikeudet<\/h2>\n\n\n\n<p>Rekisteriss\u00e4 olevalla henkil\u00f6ll\u00e4 on oikeus pyyt\u00e4\u00e4 h\u00e4nt\u00e4 koskevien henkil\u00f6tietojen poistamiseen rekisterist\u00e4 (\u201doikeus tulla unohdetuksi\u201d). Niin ik\u00e4\u00e4n rekister\u00f6idyill\u00e4 on muut <a href=\"https:\/\/eur-lex.europa.eu\/legal-content\/FI\/TXT\/?uri=CELEX%3A32016R0679#d1e2144-1-1\">EU:n yleisen tietosuoja-asetuksen<\/a> mukaiset oikeudet kuten henkil\u00f6tietojen k\u00e4sittelyn rajoittaminen tietyiss\u00e4 tilanteissa. Pyynn\u00f6t tulee l\u00e4hett\u00e4\u00e4 kirjallisesti rekisterinpit\u00e4j\u00e4lle. Rekisterinpit\u00e4j\u00e4 voi pyyt\u00e4\u00e4 tarvittaessa pyynn\u00f6n esitt\u00e4j\u00e4\u00e4 todistamaan henkil\u00f6llisyytens\u00e4. Rekisterinpit\u00e4j\u00e4 vastaa asiakkaalle EU:n tietosuoja-asetuksessa s\u00e4\u00e4detyss\u00e4 ajassa (p\u00e4\u00e4s\u00e4\u00e4nt\u00f6isesti kuukauden kuluessa).<\/p>\n\n\n\n<p><strong>Ev\u00e4steist\u00e4 kielt\u00e4ytyminen<\/strong><\/p>\n\n\n\n<p>Jos et hyv\u00e4ksy Google ev\u00e4steit\u00e4 voit asentaa selaimeesi google opt-out lis\u00e4osan. Tutustu lis\u00e4osaan ja sen k\u00e4ytt\u00f6\u00f6n osoitteessa: <a href=\"https:\/\/tools.google.com\/dlpage\/gaoptout\/\">https:\/\/tools.google.com\/dlpage\/gaoptout\/<\/a><\/p>\n\n\n\n<p>Katso my\u00f6s opas kohdennetulta mainonnalta suojautumiselta osoitteessa: <a href=\"https:\/\/www.youronlinechoices.com\/fi\/\">https:\/\/www.youronlinechoices.com\/fi\/<\/a><\/p>\n","protected":false},"excerpt":{"rendered":"<p>1.Rekisterinpit\u00e4j\u00e4 Hopea-Puro Oy, y-tunnus: 2860218-5. Fransuntie 9, 62200 KAUHAVA 2.Rekisterist\u00e4 vastaava yhteyshenkil\u00f6 Annika Puro-Aho, annika@hopea-puro.com, +358453598877 3.Rekisterin nimi Tietosuojaseloste sidosryhmille ja asiakkaille 4.Oikeusperuste ja henkil\u00f6tietojen k\u00e4sittelyn tarkoitus EU:n yleisen tietosuoja-asetuksen mukainen oikeusperuste henkil\u00f6tietojen k\u00e4sittelylle on rekisterinpit\u00e4j\u00e4n oikeutettu etu (esim. asiakassuhde) tai sopimus. Oikeusperuste voi olla my\u00f6s henkil\u00f6n erikseen antama suostumus tietojen k\u00e4sittelylle. Henkil\u00f6tietojen k\u00e4sittelyn p\u00e4\u00e4asiallinen [&hellip;]<\/p>\n","protected":false},"author":1,"featured_media":0,"parent":0,"menu_order":0,"comment_status":"closed","ping_status":"open","template":"","meta":{"footnotes":""},"class_list":["post-513","page","type-page","status-publish","hentry"],"_links":{"self":[{"href":"https:\/\/hopea-puro.com\/b2b\/wp-json\/wp\/v2\/pages\/513","targetHints":{"allow":["GET"]}}],"collection":[{"href":"https:\/\/hopea-puro.com\/b2b\/wp-json\/wp\/v2\/pages"}],"about":[{"href":"https:\/\/hopea-puro.com\/b2b\/wp-json\/wp\/v2\/types\/page"}],"author":[{"embeddable":true,"href":"https:\/\/hopea-puro.com\/b2b\/wp-json\/wp\/v2\/users\/1"}],"replies":[{"embeddable":true,"href":"https:\/\/hopea-puro.com\/b2b\/wp-json\/wp\/v2\/comments?post=513"}],"version-history":[{"count":0,"href":"https:\/\/hopea-puro.com\/b2b\/wp-json\/wp\/v2\/pages\/513\/revisions"}],"wp:attachment":[{"href":"https:\/\/hopea-puro.com\/b2b\/wp-json\/wp\/v2\/media?parent=513"}],"curies":[{"name":"wp","href":"https:\/\/api.w.org\/{rel}","templated":true}]}}