{"id":399,"date":"2021-06-28T16:51:03","date_gmt":"2021-06-28T14:51:03","guid":{"rendered":"https:\/\/hopea-puro.com\/b2b\/?page_id=399"},"modified":"2021-06-28T16:54:33","modified_gmt":"2021-06-28T14:54:33","slug":"corunen-ja-pinninen","status":"publish","type":"page","link":"https:\/\/hopea-puro.com\/b2b\/corunen-ja-pinninen\/","title":{"rendered":"Corunen ja Pinninen"},"content":{"rendered":"\t\t<div data-elementor-type=\"wp-page\" data-elementor-id=\"399\" class=\"elementor elementor-399\">\n\t\t\t\t\t\t<section class=\"elementor-section elementor-top-section elementor-element elementor-element-4319b40 elementor-section-boxed elementor-section-height-default elementor-section-height-default\" data-id=\"4319b40\" data-element_type=\"section\" data-e-type=\"section\">\n\t\t\t\t\t\t<div class=\"elementor-container elementor-column-gap-default\">\n\t\t\t\t\t<div class=\"elementor-column elementor-col-100 elementor-top-column elementor-element elementor-element-86cac7d\" data-id=\"86cac7d\" data-element_type=\"column\" data-e-type=\"column\">\n\t\t\t<div class=\"elementor-widget-wrap elementor-element-populated\">\n\t\t\t\t\t\t<div class=\"elementor-element elementor-element-409fb30 elementor-widget elementor-widget-heading\" data-id=\"409fb30\" data-element_type=\"widget\" data-e-type=\"widget\" data-widget_type=\"heading.default\">\n\t\t\t\t<div class=\"elementor-widget-container\">\n\t\t\t\t\t<h1 class=\"elementor-heading-title elementor-size-default\">Corunen ja Pinninen<\/h1>\t\t\t\t<\/div>\n\t\t\t\t<\/div>\n\t\t\t\t\t<\/div>\n\t\t<\/div>\n\t\t\t\t\t<\/div>\n\t\t<\/section>\n\t\t\t\t<section class=\"elementor-section elementor-top-section elementor-element elementor-element-899d937 elementor-section-boxed elementor-section-height-default elementor-section-height-default\" data-id=\"899d937\" data-element_type=\"section\" data-e-type=\"section\">\n\t\t\t\t\t\t<div class=\"elementor-container elementor-column-gap-default\">\n\t\t\t\t\t<div class=\"elementor-column elementor-col-50 elementor-top-column elementor-element elementor-element-912174d\" data-id=\"912174d\" data-element_type=\"column\" data-e-type=\"column\">\n\t\t\t<div class=\"elementor-widget-wrap elementor-element-populated\">\n\t\t\t\t\t\t<div class=\"elementor-element elementor-element-237f507 elementor-widget elementor-widget-text-editor\" data-id=\"237f507\" data-element_type=\"widget\" data-e-type=\"widget\" data-widget_type=\"text-editor.default\">\n\t\t\t\t<div class=\"elementor-widget-container\">\n\t\t\t\t\t\t\t\t\t<p>Corunen ja Pinninen ovat Hopea-Puron Private Label -merkkej\u00e4.&nbsp;<\/p>\n<p>Tarjoamme laadukkaat koruter\u00e4ksest\u00e4 valmistetut korut, sek\u00e4 kauniit hiustuotteet n\u00e4ytt\u00e4v\u00e4ll\u00e4 esillepanolla. Mik\u00e4li haluat keskustella kanssamme lis\u00e4\u00e4 ota yhteytt\u00e4 Tittaan.<\/p>\t\t\t\t\t\t\t\t<\/div>\n\t\t\t\t<\/div>\n\t\t\t\t\t<\/div>\n\t\t<\/div>\n\t\t\t\t<div class=\"elementor-column elementor-col-50 elementor-top-column elementor-element elementor-element-d73410c elementor-hidden-phone\" data-id=\"d73410c\" data-element_type=\"column\" data-e-type=\"column\">\n\t\t\t<div class=\"elementor-widget-wrap elementor-element-populated\">\n\t\t\t\t\t\t<div class=\"elementor-element elementor-element-c5d0a70 elementor-widget elementor-widget-image\" data-id=\"c5d0a70\" data-element_type=\"widget\" data-e-type=\"widget\" data-widget_type=\"image.default\">\n\t\t\t\t<div class=\"elementor-widget-container\">\n\t\t\t\t\t\t\t\t\t\t\t\t\t\t\t<img fetchpriority=\"high\" decoding=\"async\" width=\"794\" height=\"541\" src=\"https:\/\/hopea-puro.com\/b2b\/wp-content\/uploads\/sites\/2\/2021\/06\/Myymalaesimerkki-2.png\" class=\"attachment-large size-large wp-image-382\" alt=\"\" srcset=\"https:\/\/hopea-puro.com\/b2b\/wp-content\/uploads\/sites\/2\/2021\/06\/Myymalaesimerkki-2.png 794w, https:\/\/hopea-puro.com\/b2b\/wp-content\/uploads\/sites\/2\/2021\/06\/Myymalaesimerkki-2-300x204.png 300w, https:\/\/hopea-puro.com\/b2b\/wp-content\/uploads\/sites\/2\/2021\/06\/Myymalaesimerkki-2-768x523.png 768w, https:\/\/hopea-puro.com\/b2b\/wp-content\/uploads\/sites\/2\/2021\/06\/Myymalaesimerkki-2-600x409.png 600w\" sizes=\"(max-width: 794px) 100vw, 794px\" \/>\t\t\t\t\t\t\t\t\t\t\t\t\t\t\t<\/div>\n\t\t\t\t<\/div>\n\t\t\t\t\t<\/div>\n\t\t<\/div>\n\t\t\t\t\t<\/div>\n\t\t<\/section>\n\t\t\t\t<section class=\"elementor-section elementor-top-section elementor-element elementor-element-2fafb34 elementor-section-boxed elementor-section-height-default elementor-section-height-default\" data-id=\"2fafb34\" data-element_type=\"section\" data-e-type=\"section\">\n\t\t\t\t\t\t<div class=\"elementor-container elementor-column-gap-default\">\n\t\t\t\t\t<div class=\"elementor-column elementor-col-100 elementor-top-column elementor-element elementor-element-f4b4852\" data-id=\"f4b4852\" data-element_type=\"column\" data-e-type=\"column\">\n\t\t\t<div class=\"elementor-widget-wrap elementor-element-populated\">\n\t\t\t\t\t\t<div class=\"elementor-element elementor-element-ab8168e elementor-widget elementor-widget-heading\" data-id=\"ab8168e\" data-element_type=\"widget\" data-e-type=\"widget\" data-widget_type=\"heading.default\">\n\t\t\t\t<div class=\"elementor-widget-container\">\n\t\t\t\t\t<h2 class=\"elementor-heading-title elementor-size-default\">Esimerkki esillepanosta<\/h2>\t\t\t\t<\/div>\n\t\t\t\t<\/div>\n\t\t\t\t<div class=\"elementor-element elementor-element-16ed809 elementor-widget elementor-widget-image\" data-id=\"16ed809\" data-element_type=\"widget\" data-e-type=\"widget\" data-widget_type=\"image.default\">\n\t\t\t\t<div class=\"elementor-widget-container\">\n\t\t\t\t\t\t\t\t\t\t\t\t\t\t\t<img decoding=\"async\" width=\"794\" height=\"541\" src=\"https:\/\/hopea-puro.com\/b2b\/wp-content\/uploads\/sites\/2\/2021\/06\/Myymalaesimerkki.png\" class=\"attachment-large size-large wp-image-380\" alt=\"Corunen esillepano esimerkki\" srcset=\"https:\/\/hopea-puro.com\/b2b\/wp-content\/uploads\/sites\/2\/2021\/06\/Myymalaesimerkki.png 794w, https:\/\/hopea-puro.com\/b2b\/wp-content\/uploads\/sites\/2\/2021\/06\/Myymalaesimerkki-300x204.png 300w, https:\/\/hopea-puro.com\/b2b\/wp-content\/uploads\/sites\/2\/2021\/06\/Myymalaesimerkki-768x523.png 768w, https:\/\/hopea-puro.com\/b2b\/wp-content\/uploads\/sites\/2\/2021\/06\/Myymalaesimerkki-600x409.png 600w\" sizes=\"(max-width: 794px) 100vw, 794px\" \/>\t\t\t\t\t\t\t\t\t\t\t\t\t\t\t<\/div>\n\t\t\t\t<\/div>\n\t\t\t\t\t<\/div>\n\t\t<\/div>\n\t\t\t\t\t<\/div>\n\t\t<\/section>\n\t\t\t\t<section class=\"elementor-section elementor-top-section elementor-element elementor-element-1315222 elementor-section-boxed elementor-section-height-default elementor-section-height-default\" data-id=\"1315222\" data-element_type=\"section\" data-e-type=\"section\">\n\t\t\t\t\t\t<div class=\"elementor-container elementor-column-gap-default\">\n\t\t\t\t\t<div class=\"elementor-column elementor-col-50 elementor-top-column elementor-element elementor-element-d81d8bb\" data-id=\"d81d8bb\" data-element_type=\"column\" data-e-type=\"column\">\n\t\t\t<div class=\"elementor-widget-wrap elementor-element-populated\">\n\t\t\t\t\t\t<div class=\"elementor-element elementor-element-78013f6 elementor-widget elementor-widget-image\" data-id=\"78013f6\" data-element_type=\"widget\" data-e-type=\"widget\" data-widget_type=\"image.default\">\n\t\t\t\t<div class=\"elementor-widget-container\">\n\t\t\t\t\t\t\t\t\t\t\t\t\t\t\t<img decoding=\"async\" width=\"768\" height=\"222\" src=\"https:\/\/hopea-puro.com\/b2b\/wp-content\/uploads\/sites\/2\/2021\/06\/Corunen-logo-1038x300-1-768x222.png\" class=\"attachment-medium_large size-medium_large wp-image-379\" alt=\"Corunen logo\" srcset=\"https:\/\/hopea-puro.com\/b2b\/wp-content\/uploads\/sites\/2\/2021\/06\/Corunen-logo-1038x300-1-768x222.png 768w, https:\/\/hopea-puro.com\/b2b\/wp-content\/uploads\/sites\/2\/2021\/06\/Corunen-logo-1038x300-1-300x87.png 300w, https:\/\/hopea-puro.com\/b2b\/wp-content\/uploads\/sites\/2\/2021\/06\/Corunen-logo-1038x300-1-1024x296.png 1024w, https:\/\/hopea-puro.com\/b2b\/wp-content\/uploads\/sites\/2\/2021\/06\/Corunen-logo-1038x300-1-600x173.png 600w, https:\/\/hopea-puro.com\/b2b\/wp-content\/uploads\/sites\/2\/2021\/06\/Corunen-logo-1038x300-1.png 1038w\" sizes=\"(max-width: 768px) 100vw, 768px\" \/>\t\t\t\t\t\t\t\t\t\t\t\t\t\t\t<\/div>\n\t\t\t\t<\/div>\n\t\t\t\t\t<\/div>\n\t\t<\/div>\n\t\t\t\t<div class=\"elementor-column elementor-col-50 elementor-top-column elementor-element elementor-element-38296f3\" data-id=\"38296f3\" data-element_type=\"column\" data-e-type=\"column\">\n\t\t\t<div class=\"elementor-widget-wrap elementor-element-populated\">\n\t\t\t\t\t\t<div class=\"elementor-element elementor-element-4380760 elementor-widget elementor-widget-image\" data-id=\"4380760\" data-element_type=\"widget\" data-e-type=\"widget\" data-widget_type=\"image.default\">\n\t\t\t\t<div class=\"elementor-widget-container\">\n\t\t\t\t\t\t\t\t\t\t\t\t\t\t\t<img loading=\"lazy\" decoding=\"async\" width=\"768\" height=\"166\" src=\"https:\/\/hopea-puro.com\/b2b\/wp-content\/uploads\/sites\/2\/2021\/06\/Pinninen-logo-1384-x-300-768x166.png\" class=\"attachment-medium_large size-medium_large wp-image-378\" alt=\"Pinninen logo\" srcset=\"https:\/\/hopea-puro.com\/b2b\/wp-content\/uploads\/sites\/2\/2021\/06\/Pinninen-logo-1384-x-300-768x166.png 768w, https:\/\/hopea-puro.com\/b2b\/wp-content\/uploads\/sites\/2\/2021\/06\/Pinninen-logo-1384-x-300-300x65.png 300w, https:\/\/hopea-puro.com\/b2b\/wp-content\/uploads\/sites\/2\/2021\/06\/Pinninen-logo-1384-x-300-1024x222.png 1024w, https:\/\/hopea-puro.com\/b2b\/wp-content\/uploads\/sites\/2\/2021\/06\/Pinninen-logo-1384-x-300-600x130.png 600w, https:\/\/hopea-puro.com\/b2b\/wp-content\/uploads\/sites\/2\/2021\/06\/Pinninen-logo-1384-x-300.png 1384w\" sizes=\"(max-width: 768px) 100vw, 768px\" \/>\t\t\t\t\t\t\t\t\t\t\t\t\t\t\t<\/div>\n\t\t\t\t<\/div>\n\t\t\t\t\t<\/div>\n\t\t<\/div>\n\t\t\t\t\t<\/div>\n\t\t<\/section>\n\t\t\t\t<\/div>\n\t\t","protected":false},"excerpt":{"rendered":"<p>Corunen ja Pinninen Corunen ja Pinninen ovat Hopea-Puron Private Label -merkkej\u00e4.&nbsp; Tarjoamme laadukkaat koruter\u00e4ksest\u00e4 valmistetut korut, sek\u00e4 kauniit hiustuotteet n\u00e4ytt\u00e4v\u00e4ll\u00e4 esillepanolla. Mik\u00e4li haluat keskustella kanssamme lis\u00e4\u00e4 ota yhteytt\u00e4 Tittaan. Titta Puh: +358 44 2566808 L\u00e4het\u00e4 s\u00e4hk\u00f6postia Esimerkki esillepanosta<\/p>\n","protected":false},"author":1,"featured_media":0,"parent":0,"menu_order":0,"comment_status":"closed","ping_status":"open","template":"","meta":{"footnotes":""},"class_list":["post-399","page","type-page","status-publish","hentry"],"_links":{"self":[{"href":"https:\/\/hopea-puro.com\/b2b\/wp-json\/wp\/v2\/pages\/399","targetHints":{"allow":["GET"]}}],"collection":[{"href":"https:\/\/hopea-puro.com\/b2b\/wp-json\/wp\/v2\/pages"}],"about":[{"href":"https:\/\/hopea-puro.com\/b2b\/wp-json\/wp\/v2\/types\/page"}],"author":[{"embeddable":true,"href":"https:\/\/hopea-puro.com\/b2b\/wp-json\/wp\/v2\/users\/1"}],"replies":[{"embeddable":true,"href":"https:\/\/hopea-puro.com\/b2b\/wp-json\/wp\/v2\/comments?post=399"}],"version-history":[{"count":0,"href":"https:\/\/hopea-puro.com\/b2b\/wp-json\/wp\/v2\/pages\/399\/revisions"}],"wp:attachment":[{"href":"https:\/\/hopea-puro.com\/b2b\/wp-json\/wp\/v2\/media?parent=399"}],"curies":[{"name":"wp","href":"https:\/\/api.w.org\/{rel}","templated":true}]}}